63. Let r be g(-12). Suppose -6*y + r = 13929. Is y a prime number?
False
Let h = 12 + 376. Suppose 2*p - 48 - 365 = -i, -4*i - h = -2*p. Suppose -5*b + 12691 = -p. Is b composite?
False
Let d(p) = 15*p**2 + 3*p - 19. Let x(u) = 2*u**2 - 3*u - 3. Let c be x(4). Is d(c) composite?
True
Suppose 3*h - 2584*l - 310466 = -2580*l, -310529 = -3*h - 5*l. Is h a composite number?
True
Let p = -33183 - -52600. Is p a composite number?
False
Suppose -8*x - 35 = -15*x. Is (-2 + x)/((-10)/((-78290)/3)) a composite number?
False
Suppose -1331*y + 5 = -1330*y, 4*v + y = 1042113. Is v composite?
False
Suppose 0 = 102*x - 93*x - 27. Suppose c = -h - 3*c + 14023, -2*h + 28036 = x*c. Is h a prime number?
False
Let p(n) be the first derivative of -n**6/360 - 3*n**5/40 + 13*n**4/24 - 4*n**3/3 + 12. Let u(i) be the third derivative of p(i). Is u(-9) a prime number?
True
Let c be (4/14)/(30/2310). Suppose 27*j - c*j = 3415. Is j prime?
True
Suppose -4*y + 75 + 9 = 0. Suppose 0 = y*k - 31*k + 6490. Is k composite?
True
Suppose -5*d - r - 72201 = -3*d, 0 = 3*d - 2*r + 108291. Let j = 62836 + d. Is j a prime number?
True
Let f be 3/15 + (-58)/(-10). Suppose 4*a = f*a. Suppose a = -3*m - 2*m + 2095. Is m prime?
True
Suppose 328228 = a - 318783. Is a a prime number?
True
Suppose 3*h - 279040 = 4*l + 308295, 4*h = -l + 783126. Is h a prime number?
True
Let u(p) = 335*p**2 + 54*p - 10. Is u(9) composite?
False
Let n = 145450 - 35849. Is n prime?
False
Let x(q) = 14*q + 25. Let k be (6/(-5))/((-18)/(-45)). Let l(z) = 2*z**2 - 4*z - 13. Let y be l(k). Is x(y) prime?
True
Let d = -3 - -7. Let t(p) = p**3 + 7*p**2 - 11*p - 20. Let b be t(-8). Suppose 0 = -d*g - 2*o + o + 4171, -4167 = -b*g - 5*o. Is g a prime number?
False
Let x(k) = -2*k - 2. Let s be x(5). Is (-3)/(s/13976) - 1 prime?
False
Let m = -363 + 342. Is ((-142534)/m)/(2/(-3)*-1) a composite number?
False
Let y = 44839 - -20680. Is y a prime number?
True
Let a(m) = m**3 + 4*m**2 - 15*m + 13. Let h be a(10). Let s = h + -566. Let f = 1106 - s. Is f a prime number?
True
Let g(t) = 34542*t - 643. Is g(11) composite?
False
Let m(c) = 16*c**2 + 221*c + 347. Is m(140) a composite number?
False
Suppose 59299 = 4*b - f + 6*f, -3*b + f + 44460 = 0. Is b a prime number?
True
Let v = 1057959 - 570062. Is v prime?
True
Suppose -2611 = 70*r - 42*r - 65415. Is r composite?
False
Let o(w) = -22*w + 167. Is o(-16) a prime number?
False
Let l(p) = 3456*p**2 + 64*p + 251. Is l(-4) a prime number?
True
Let y(z) = 71*z**3 - z**2 - 12*z + 9. Let l be y(4). Suppose -3*n + p + 1060 = -l, -2*n + 5*p = -3708. Is n composite?
True
Suppose 0 = -475*n + 481*n - 630678. Is n a prime number?
False
Suppose 3*m = 5*k - 14, 3*m = k - 2*k - 26. Let j(h) = -h**2 - 6*h + 20. Let v be j(m). Suppose 4*l - 24 = -v, 0 = 4*g - l - 771. Is g composite?
True
Is (-1 + 14 + (-928)/96)*(-12039)/(-2) composite?
True
Let m(p) = 488*p**2 + 7*p - 3. Let n be m(1). Suppose 487*w + 15970 = n*w. Is w a composite number?
True
Is 17587530/567*14/4 a prime number?
False
Suppose -16923264 - 25652620 = -52*m. Is m a prime number?
False
Let y be (-4)/6 + (-693)/(-27). Let c(s) = -11 - y*s - 6 + 3*s - s. Is c(-6) prime?
False
Suppose 3247853 = 95*l - 6136226 - 5440576. Is l composite?
True
Suppose 4*u + 1455477 = 3*b + 7*u, 2*u + 485165 = b. Is b composite?
False
Let j = 3451 - -87438. Is j prime?
False
Suppose 0 = 4*x + 2*j - 81238, 5*x - 59521 = -2*j + 42025. Suppose -149*c - x = -153*c. Is c a prime number?
True
Let f be (-14 - -11)*(-2)/3. Suppose f*v = 455 - 73. Is v a prime number?
True
Suppose 2*a - 5*a = -2*d - 32753, -4*a + 4*d = -43672. Suppose -5*q = -s - 27350, -3*q = -5*q + 5*s + a. Is q prime?
True
Suppose 0 = -j - 3*t - 18 + 7, 0 = -2*j - t - 7. Is 8191/j*(-17 + 15) a prime number?
True
Let z = -20 + 44. Suppose -o + 3*v + z = 3*o, 2*v = 0. Is ((-10)/(-8))/(o/888) a prime number?
False
Suppose 5*s = 25, 0*v + v + 18 = 3*s. Let c(m) = -116*m - 13. Let o(w) = -w. Let r(p) = c(p) + 2*o(p). Is r(v) composite?
True
Is (1309563/(-18))/((-7)/14) a prime number?
False
Suppose 0 = 3*c + 4*a + 5, -3*c + 12 = c - 4*a. Suppose -24 = -5*d - 5*v + c, 0 = 5*d - 4*v + 2. Suppose -d*s + 172 = 3*w, 2 = -5*s - 3. Is w prime?
False
Let v(s) = -s**2 + 25*s + 118. Let q be v(-4). Let x = -10 + -11. Is x + 22 + q*-5*-47 composite?
True
Suppose 0 = 31*q - 33*q + 96. Let k = 48 - q. Suppose 0*l = -4*l + 4*v + 1312, k = -5*l - 2*v + 1661. Is l prime?
True
Let y = 46 + -41. Let p be 9/(-5)*y/(-3). Suppose -6165 = -p*b - 210. Is b composite?
True
Let v be ((24/(-10))/3)/(42/(-3045)). Suppose v*d + 77 = 65*d. Suppose d*q + 15240 - 48977 = 0. Is q a composite number?
False
Let a(c) = 173*c**2 - 3716*c + 48. Is a(59) a composite number?
True
Let g be (1 - (3 - 2))*(-2)/4. Suppose -10*x + 16*x - 7158 = g. Let s = x + 342. Is s composite?
True
Suppose 3*q + 3*s + 10535 = 394859, 5*q - s = 640534. Is q a composite number?
True
Suppose -68 = -5*h + h. Let o be (h/(-34))/(1/(-5036)). Suppose -7*x + 9*x - o = 0. Is x a prime number?
True
Let l(g) = 452*g**2 - 14*g + 655. Is l(38) prime?
True
Suppose -2*f - 1 = 5, -20 = -2*x + 4*f. Suppose z - x*z = -15615. Suppose -6*h = z - 18159. Is h a prime number?
False
Suppose 40*f - 33*f - 6496 = 0. Let p = f - -2037. Is p composite?
True
Let o(s) be the third derivative of 1391*s**4/8 - 2*s**3/3 + 137*s**2. Is o(1) a prime number?
False
Let m = 77409 - 47908. Is m prime?
True
Let x(m) = 1302*m**2 - 10*m + 5. Is x(-8) a prime number?
False
Suppose -2*s - 2 = -2*h, -s + h = -4*h + 17. Let i be (0 - s)*4/(-6). Suppose -f - 504 = -2*t, -3*t + 247 = -i*t + 2*f. Is t composite?
False
Is 564638/(-119)*931/(-14) a composite number?
True
Let j(t) = -t**3 + t**2 - t. Let a(d) be the first derivative of d**4/2 + 11*d**3/3 - 21*d**2/2 - 22*d - 19. Let x(u) = -a(u) - 3*j(u). Is x(21) composite?
False
Let g(x) = -x**3 + 7*x**2 - 2*x - 19. Let z be g(6). Suppose z*j + m = 9 + 1, -4*m = 20. Suppose -2 + 14 = -j*f, -1278 = -2*o + 4*f. Is o a composite number?
False
Let o(l) = -1466*l**3 - 3*l**2 + 25*l + 7. Is o(-4) a prime number?
True
Let x = -3593 + 8255. Let r = x - 2771. Is r prime?
False
Suppose 0 = b + 14*b - 4860. Suppose -5*f + 793 = l - 2*l, -2*f - 3*l = -b. Is f a composite number?
True
Let i be (260/(-30))/13*(-18)/4. Suppose -h = -t - 13, i*h + t - 11 = h. Suppose h*n - 17032 = -0*n. Is n a prime number?
True
Suppose -x = -3*x + 63240. Suppose 39*g + x = 43*g. Suppose 7*j - 4*j + 3*k - g = 0, -5*j - k + 13159 = 0. Is j prime?
False
Suppose 155171 = v + 4*p, v - 11*p + 8*p = 155206. Is v composite?
False
Let a be 2/((-8)/(-6866)) - 1/(-2). Let g = -6 + 11. Suppose y + 592 = g*x + a, 0 = -2*x - 4. Is y prime?
False
Suppose -6172 = 11*m - 7*m. Suppose -s + 5067 = -5*r, 4802 = 5*s + 5*r - 20383. Let w = m + s. Is w a prime number?
True
Let v(h) = h**2 + 14*h + 22. Let m be v(-12). Let q be m/4*(-581 + -11). Is (-8 - -5) + 0 + 1*q a composite number?
False
Suppose -7*b + 4*b = 1674. Let g = b + 877. Is g a prime number?
False
Let h(w) = 4*w - 25. Let v be h(6). Let f be 66/(-77)*v*7 - 2. Is (-8)/32 - -6549*1/f prime?
True
Let o = -1040498 + 2520435. Is o composite?
False
Is ((-20514928)/(-64) - 30)/((-1)/(-4)) composite?
True
Suppose 25929 = -2*r + 139171. Is r a composite number?
True
Let v = 437701 + -236288. Is v a composite number?
False
Let c = 86 - -97. Let i = 2840 - c. Is i prime?
True
Suppose -3*m - 3 = -5*n - 0*m, n - 5*m + 17 = 0. Suppose -20916 = -4*w - 8*a + 10*a, 0 = n*a + 12. Is w a prime number?
True
Suppose -82 = -5*q - 87. Is (-1)/q + 3592 + 10 a prime number?
False
Suppose 28*k + 129 = -1495. Is (k/(-145) + 101193/5)*1 a prime number?
False
Let j(a) = 11*a + 3. Let c be j(2). Let m be ((-10)/c)/(3/(-15)). Suppose -d + 4*q = -557, -m*d - 3*q = d - 1671. Is d composite?
False
Suppose -2*l + 10 = 0, 28*q + l = 25*q + 23984. Is q composite?
False
Let c = -100 - -97. Let w be -1 - c - 3/((-3)/(-8)). Is -1*w/27 - 10051/(-9) a prime number?
True
Let j(x) = 8835*x - 1904. Is j(7) a composite number?
True
Let o(b) = -112901*b - 13608. Is o(-5) prime?
False
Let j(n) = 24*n**2 + 39*n - 91. Is j(-24) prime?
False
Let c = -21 - -23. Let v be (10/(-5) - 6/c)*-1. Is -3 - v/(5/(-2008)) prime?
False
Suppose -2 - 13 = -5*v. Suppose 0 = 6*k - 3*k + x + 12, v*